ided by 10?
8
Calculate the remainder when 970 is divided by 238.
18
What is the remainder when 228 is divided by 41?
23
What is the remainder when 16434 is divided by 137?
131
Calculate the remainder when 223 is divided by 14.
13
What is the remainder when 550 is divided by 69?
67
Calculate the remainder when 4935 is divided by 190.
185
What is the remainder when 425 is divided by 63?
47
What is the remainder when 41388 is divided by 81?
78
Calculate the remainder when 7175 is divided by 24.
23
What is the remainder when 1081 is divided by 1060?
21
Calculate the remainder when 1715 is divided by 52.
51
Calculate the remainder when 3317 is divided by 28.
13
What is the remainder when 677 is divided by 49?
40
What is the remainder when 1861 is divided by 98?
97
What is the remainder when 11518 is divided by 64?
62
What is the remainder when 44 is divided by 8?
4
Calculate the remainder when 224 is divided by 45.
44
What is the remainder when 1929 is divided by 92?
89
Calculate the remainder when 439 is divided by 20.
19
What is the remainder when 2932 is divided by 732?
4
What is the remainder when 555 is divided by 62?
59
What is the remainder when 199 is divided by 69?
61
What is the remainder when 236 is divided by 7?
5
Calculate the remainder when 14148 is divided by 29.
25
What is the remainder when 223 is divided by 9?
7
Calculate the remainder when 59 is divided by 18.
5
Calculate the remainder when 1300 is divided by 620.
60
Calculate the remainder when 237 is divided by 79.
0
Calculate the remainder when 1378 is divided by 31.
14
What is the remainder when 1216 is divided by 58?
56
What is the remainder when 103 is divided by 33?
4
Calculate the remainder when 794 is divided by 6.
2
What is the remainder when 5630 is divided by 64?
62
Calculate the remainder when 358 is divided by 28.
22
Calculate the remainder when 486 is divided by 61.
59
What is the remainder when 329 is divided by 55?
54
What is the remainder when 236 is divided by 11?
5
What is the remainder when 2815 is divided by 21?
1
What is the remainder when 426 is divided by 108?
102
Calculate the remainder when 203 is divided by 31.
17
Calculate the remainder when 391 is divided by 39.
1
Calculate the remainder when 3089 is divided by 15.
14
What is the remainder when 5598 is divided by 112?
110
What is the remainder when 214 is divided by 38?
24
Calculate the remainder when 90 is divided by 21.
6
What is the remainder when 1388 is divided by 17?
11
What is the remainder when 607 is divided by 69?
55
What is the remainder when 121 is divided by 105?
16
What is the remainder when 107 is divided by 7?
2
Calculate the remainder when 380 is divided by 27.
2
Calculate the remainder when 692 is divided by 42.
20
Calculate the remainder when 855 is divided by 214.
213
What is the remainder when 925 is divided by 164?
105
What is the remainder when 834 is divided by 198?
42
Calculate the remainder when 248 is divided by 183.
65
Calculate the remainder when 505 is divided by 51.
46
Calculate the remainder when 154 is divided by 31.
30
What is the remainder when 2572 is divided by 55?
42
What is the remainder when 557 is divided by 35?
32
Calculate the remainder when 33 is divided by 7.
5
Calculate the remainder when 356 is divided by 32.
4
Calculate the remainder when 1089 is divided by 55.
44
Calculate the remainder when 67 is divided by 53.
14
What is the remainder when 941 is divided by 38?
29
What is the remainder when 19 is divided by 1?
0
Calculate the remainder when 164 is divided by 82.
0
Calculate the remainder when 227 is divided by 40.
27
Calculate the remainder when 122 is divided by 33.
23
Calculate the remainder when 77 is divided by 64.
13
Calculate the remainder when 62 is divided by 18.
8
What is the remainder when 70 is divided by 18?
16
Calculate the remainder when 68 is divided by 54.
14
Calculate the remainder when 72 is divided by 19.
15
What is the remainder when 573 is divided by 35?
13
Calculate the remainder when 944 is divided by 79.
75
What is the remainder when 13437 is divided by 26?
21
What is the remainder when 432 is divided by 42?
12
Calculate the remainder when 108 is divided by 28.
24
What is the remainder when 88 is divided by 13?
10
Calculate the remainder when 1441 is divided by 111.
109
Calculate the remainder when 355 is divided by 120.
115
Calculate the remainder when 7358 is divided by 160.
158
What is the remainder when 37 is divided by 20?
17
What is the remainder when 127 is divided by 37?
16
Calculate the remainder when 106 is divided by 7.
1
Calculate the remainder when 21 is divided by 8.
5
Calculate the remainder when 25197 is divided by 42.
39
Calculate the remainder when 159 is divided by 1.
0
What is the remainder when 397 is divided by 25?
22
What is the remainder when 713 is divided by 34?
33
Calculate the remainder when 2129 is divided by 82.
79
What is the remainder when 813 is divided by 49?
29
Calculate the remainder when 1094 is divided by 121.
5
What is the remainder when 196 is divided by 18?
16
What is the remainder when 312 is divided by 35?
32
Calculate the remainder when 173 is divided by 49.
26
Calculate the remainder when 95 is divided by 63.
32
Calculate the remainder when 87 is divided by 11.
10
Calculate the remainder when 310 is divided by 39.
37
Calculate the remainder when 187 is divided by 70.
47
What is the remainder when 96 is divided by 47?
2
What is the remainder when 57 is divided by 15?
12
Calculate the remainder when 1069 is divided by 21.
19
Calculate the remainder when 56 is divided by 23.
10
What is the remainder when 232 is divided by 78?
76
What is the remainder when 27045 is divided by 196?
193
What is the remainder when 52 is divided by 18?
16
What is the remainder when 566 is divided by 27?
26
Calculate the remainder when 659 is divided by 30.
29
Calculate the remainder when 5059 is divided by 44.
43
Calculate the remainder when 115 is divided by 36.
7
Calculate the remainder when 68 is divided by 55.
13
Calculate the remainder when 1088 is divided by 30.
8
What is the remainder when 686 is divided by 329?
28
What is the remainder when 2124 is divided by 1062?
0
Calculate the remainder when 10 is divided by 5.
0
What is the remainder when 104 is divided by 11?
5
Calculate the remainder when 568 is divided by 30.
28
What is the remainder when 1531 is divided by 168?
19
Calculate the remainder when 160 is divided by 7.
6
What is the remainder when 3755 is divided by 104?
11
What is the remainder when 1597 is divided by 80?
77
What is the remainder when 617 is divided by 242?
133
What is the remainder when 575 is divided by 24?
23
What is the remainder when 435 is divided by 45?
30
What is the remainder when 1774 is divided by 71?
70
What is the remainder when 474 is divided by 4?
2
What is the remainder when 548 is divided by 19?
16
Calculate the remainder when 2069 is divided by 9.
8
What is the remainder when 57 is divided by 22?
13
What is the remainder when 10 is divided by 6?
4
What is the remainder when 753 is divided by 18?
15
Calculate the remainder when 1005 is divided by 16.
13
Calculate the remainder when 117 is divided by 21.
12
Calculate the remainder when 266 is divided by 152.
114
Calculate the remainder when 425 is divided by 204.
17
What is the remainder when 236 is divided by 14?
12
Calculate the remainder when 7332 is divided by 38.
36
Calculate the remainder when 191 is divided by 39.
35
What is the remainder when 811 is divided by 11?
8
Calculate the remainder when 410 is divided by 53.
39
What is the remainder when 309 is divided by 184?
125
What is the remainder when 169 is divided by 20?
9
What is the remainder when 3709 is divided by 194?
23
Calculate the remainder when 3295 is divided by 238.
201
What is the remainder when 2073 is divided by 180?
93
Calculate the remainder when 408 is divided by 25.
8
Calculate the remainder when 107 is divided by 65.
42
What is the remainder when 1162 is divided by 32?
10
What is the remainder when 139 is divided by 3?
1
What is the remainder when 121 is divided by 83?
38
What is the remainder when 726 is divided by 27?
24
Calculate the remainder when 286 is divided by 41.
40
Calculate the remainder when 178 is divided by 23.
17
C